{"id":2402852,"date":"2026-03-15T01:24:44","date_gmt":"2026-03-14T23:24:44","guid":{"rendered":"https:\/\/alaki.fi\/wordpress\/?page_id=2402852"},"modified":"2026-03-24T12:44:07","modified_gmt":"2026-03-24T10:44:07","slug":"luettelo-paikkakunnittain","status":"publish","type":"page","link":"https:\/\/alaki.fi\/wordpress\/?page_id=2402852","title":{"rendered":"Luettelo paikkakunnittain"},"content":{"rendered":"\n<p>J\u00e4senluettelo per 15.3.2026 <\/p>\n\n\n\n<p>Luvan saanut oikeudenk\u00e4yntiavustaja voi antaa palveluitaan muuallakin kuin alla luetteloon merkityll\u00e4 paikkakunnalla. P\u00e4\u00e4kaupunkiseudun kuntia ovat Helsinki, Espoo, Vantaa ja Kauniainen. Helsingin seutuun luetaan usein my\u00f6s Kirkkonummi, Kerava, J\u00e4rvenp\u00e4\u00e4, Tuusula, Sipoo, Nurmij\u00e4rvi, Vihti, Hyvink\u00e4\u00e4. Edell\u00e4 mainittujen kuntien alueella palvelevat antanevat palveluita kaikkialla p\u00e4\u00e4kaupunkiseudun, Helsingin seudun ja Etel\u00e4-Suomen alueella, jollei suorastaan koko Suomen alueella. Muualla Suomessa toimivat j\u00e4senet voivat antaa palveluita my\u00f6s Etel\u00e4-Suomessa.  <\/p>\n\n\n\n<p>Luettelossa voi olla virheit\u00e4 ja siin\u00e4 todenn\u00e4k\u00f6isesti on puutteita, koska kaikkia palvelupaikkakuntia ei ole saatu luetteloitua. T\u00e4st\u00e4 luettelosta ilmenev\u00e4n j\u00e4senen tavoittaa kun yhteystiedot katsoo <a href=\"https:\/\/alaki.fi\/wordpress\/?page_id=2400619\" target=\"_blank\" rel=\"noreferrer noopener\">toimistoluettelosta<\/a> tai sinne mahdollisesti linkatulta j\u00e4senen kotisivulta.<\/p>\n\n\n\n<p><\/p>\n\n\n\n<figure class=\"wp-block-table\"><table class=\"has-fixed-layout\"><tbody><tr><td>Haarti Juha Matti<\/td><td>Espoo<\/td><\/tr><tr><td>Haukanhovi Hannu Tapani<\/td><td>Espoo<\/td><\/tr><tr><td>H\u00e4ive Jenni Elina Maria<\/td><td>Espoo<\/td><\/tr><tr><td>Janzon Tor Edvard<\/td><td>Espoo<\/td><\/tr><tr><td>J\u00e4rvensivu Jussi Raimo Kalervo<\/td><td>Espoo<\/td><\/tr><tr><td>Kivim\u00e4ki Hans Erik<\/td><td>Espoo<\/td><\/tr><tr><td>Leirimaa Mikko Sakari<\/td><td>Espoo<\/td><\/tr><tr><td>Leivonen Heikki Juhani<\/td><td>Espoo<\/td><\/tr><tr><td>Linna Jaakko Pekka Johannes<\/td><td>Espoo<\/td><\/tr><tr><td>Loukkola Jussi Sakari<\/td><td>Espoo<\/td><\/tr><tr><td>Meskanen Heikki Tapani<\/td><td>Espoo<\/td><\/tr><tr><td>Muhtaseb Ramzi Naif<\/td><td>Espoo<\/td><\/tr><tr><td>Puranen Pasi Olavi<\/td><td>Espoo<\/td><\/tr><tr><td>Rinne Tomi Kalevi<\/td><td>Espoo<\/td><\/tr><tr><td>Turunen Paula Kristiina<\/td><td>Espoo<\/td><\/tr><tr><td>Aarrevuo Kari Kaarlo Tapani<\/td><td>Helsinki<\/td><\/tr><tr><td>Ahovaara Lotta Maria<\/td><td>Helsinki<\/td><\/tr><tr><td>Ala-Mieto Tero Johannes<\/td><td>Helsinki<\/td><\/tr><tr><td>Ellonen Jarmo Erik<\/td><td>Helsinki<\/td><\/tr><tr><td>Enegren Jannika Viktoria<\/td><td>Helsinki<\/td><\/tr><tr><td>Fazer , Pia<\/td><td>Helsinki<\/td><\/tr><tr><td>Haapaniemi Akseli Eero<\/td><td>Helsinki<\/td><\/tr><tr><td>Haapaniemi Lauri Toivo<\/td><td>Helsinki<\/td><\/tr><tr><td>Hietala Harri Risto Antero<\/td><td>Helsinki<\/td><\/tr><tr><td>Honkanen Mika Olavi<\/td><td>Helsinki<\/td><\/tr><tr><td>Hopsu Matti Juhani<\/td><td>Helsinki<\/td><\/tr><tr><td>Jousinen Matti Osmo Ilmari<\/td><td>Helsinki<\/td><\/tr><tr><td>Kaihlanen Erkki Olavi Antero<\/td><td>Helsinki<\/td><\/tr><tr><td>Kalliovaara Martti Tapio<\/td><td>Helsinki<\/td><\/tr><tr><td>Keski-Luoma Joona Samuel<\/td><td>Helsinki<\/td><\/tr><tr><td>Kiikeri Markku Tapio<\/td><td>Helsinki<\/td><\/tr><tr><td>Korhonen Jouni Tero<\/td><td>Helsinki<\/td><\/tr><tr><td>Korhonen Kari Tapio<\/td><td>Helsinki<\/td><\/tr><tr><td>Korpela Antti Tapani<\/td><td>Helsinki<\/td><\/tr><tr><td>Koskenoja Maija Helena<\/td><td>Helsinki<\/td><\/tr><tr><td>K\u00e4rki Vesa Kalevi<\/td><td>Helsinki<\/td><\/tr><tr><td>Laine Esa Juhani<\/td><td>Helsinki<\/td><\/tr><tr><td>Lamberg Eero Risto Kalevi<\/td><td>Helsinki<\/td><\/tr><tr><td>Laurila Kai Arto Olavi<\/td><td>Helsinki<\/td><\/tr><tr><td>Leinamo Sari Marita<\/td><td>Helsinki<\/td><\/tr><tr><td>Leinonen Sami Tapio<\/td><td>Helsinki<\/td><\/tr><tr><td>Leisvuori Heikki Henry Olavi<\/td><td>Helsinki<\/td><\/tr><tr><td>Leivo Tuuli Milla-Mari<\/td><td>Helsinki<\/td><\/tr><tr><td>Lind\u00e9n Jukka Kristian<\/td><td>Helsinki<\/td><\/tr><tr><td>Majava Johanna Kristiina<\/td><td>Helsinki<\/td><\/tr><tr><td>Malka Ilkka Olavi<\/td><td>Helsinki<\/td><\/tr><tr><td>Markelin Filip Fabian<\/td><td>Helsinki<\/td><\/tr><tr><td>Mattila Maija-Pauliina<\/td><td>Helsinki<\/td><\/tr><tr><td>Mikkola Heikki Juhani<\/td><td>Helsinki<\/td><\/tr><tr><td>M\u00f6ls\u00e4 Ari Matti<\/td><td>Helsinki<\/td><\/tr><tr><td>Nousiainen Maiju Johanna<\/td><td>Helsinki<\/td><\/tr><tr><td>Nuutinen Pekka Antti Juhani<\/td><td>Helsinki<\/td><\/tr><tr><td>Nyholm Jan-Olof<\/td><td>Helsinki<\/td><\/tr><tr><td>Parviainen Tommi Markus Sakari<\/td><td>Helsinki<\/td><\/tr><tr><td>Pelkonen Jukka Olavi<\/td><td>Helsinki<\/td><\/tr><tr><td>Piipponen Arttu Wiljam<\/td><td>Helsinki<\/td><\/tr><tr><td>Pirhonen Henrik Olavi<\/td><td>Helsinki<\/td><\/tr><tr><td>Poutiainen Suvi Anniina<\/td><td>Helsinki<\/td><\/tr><tr><td>Puhto Ramezan<\/td><td>Helsinki<\/td><\/tr><tr><td>Riissanen Timo Antti<\/td><td>Helsinki<\/td><\/tr><tr><td>Saariluoma Lauri Matti<\/td><td>Helsinki<\/td><\/tr><tr><td>Salonen Markku V\u00e4in\u00f6 Juhani<\/td><td>Helsinki<\/td><\/tr><tr><td>Sandstr\u00f6m Ellen Amanda<\/td><td>Helsinki<\/td><\/tr><tr><td>Sepp\u00e4l\u00e4 Kaisa Maria<\/td><td>Helsinki<\/td><\/tr><tr><td>Sippola Antti Matias<\/td><td>Helsinki<\/td><\/tr><tr><td>Sippola Jussi Matti Topias<\/td><td>Helsinki<\/td><\/tr><tr><td>Snell Hannu Petteri<\/td><td>Helsinki<\/td><\/tr><tr><td>Somppi Kim Robert Einar<\/td><td>Helsinki<\/td><\/tr><tr><td>Talvio Markus Sakari<\/td><td>Helsinki<\/td><\/tr><tr><td>Tapala Jaakko<\/td><td>Helsinki<\/td><\/tr><tr><td>Teittinen Roosa Aliisa<\/td><td>Helsinki<\/td><\/tr><tr><td>Tiusanen Pekka Kalevi<\/td><td>Helsinki<\/td><\/tr><tr><td>Tolvi Markku Sakari<\/td><td>Helsinki<\/td><\/tr><tr><td>Tutti Joonas Lauri Antero<\/td><td>Helsinki<\/td><\/tr><tr><td>Vartiainen Teemu Tapio<\/td><td>Helsinki<\/td><\/tr><tr><td>Vesuri Juha Pertti<\/td><td>Helsinki<\/td><\/tr><tr><td>Viitala Aarni Kullervo<\/td><td>Helsinki<\/td><\/tr><tr><td>Virtanen Henri Johan Tapio<\/td><td>Helsinki<\/td><\/tr><tr><td>Ylatalo Juha Alarik<\/td><td>Helsinki<\/td><\/tr><tr><td>Ylisaukko-oja Saara Sisko Anneli<\/td><td>Helsinki<\/td><\/tr><tr><td>Ypy\u00e4 Antti Juhani<\/td><td>Helsinki<\/td><\/tr><tr><td>H\u00e4rk\u00f6nen Jouki Kaleva<\/td><td>Hyvink\u00e4\u00e4<\/td><\/tr><tr><td>Mannerjoki Kari Tapani<\/td><td>Hyvink\u00e4\u00e4<\/td><\/tr><tr><td>J\u00e4rvinen Jyrki Antero<\/td><td>H\u00e4meenlinna<\/td><\/tr><tr><td>Rajam\u00e4ki Timo Kalervo<\/td><td>Iisalmi<\/td><\/tr><tr><td>Maukonen Kari Seppo<\/td><td>Ilmajoki<\/td><\/tr><tr><td>Rannikko Ulla Maija<\/td><td>Janakkala, Helsinki<\/td><\/tr><tr><td>Juuj\u00e4rvi Jukka Mikael<\/td><td>Jyv\u00e4skyl\u00e4<\/td><\/tr><tr><td>Riuttam\u00e4ki Timo Tuomas<\/td><td>J\u00e4ms\u00e4<\/td><\/tr><tr><td>H\u00e4kkinen Martti Allan Herman<\/td><td>J\u00e4rvenp\u00e4\u00e4<\/td><\/tr><tr><td>Ollila Mika Juhani<\/td><td>Kangasala<\/td><\/tr><tr><td>Viita-aho Tuula Kristiina<\/td><td>Karvala<\/td><\/tr><tr><td>Vikev\u00e4inen Janne Matti<\/td><td>Kempele<\/td><\/tr><tr><td>Matikka Matti Olavi<\/td><td>Kerava<\/td><\/tr><tr><td>Wangell Jyrki Uolevi<\/td><td>K\u00f6ln<\/td><\/tr><tr><td>Mattila Juhani Matias<\/td><td>Lahti<\/td><\/tr><tr><td>M\u00e4kil\u00e4 Hannu Jaakko Olavi<\/td><td>Lahti<\/td><\/tr><tr><td>Saarela Lauri Aarne Johannes<\/td><td>Laitila<\/td><\/tr><tr><td>Suortamo Veli<\/td><td>Lappeenranta<\/td><\/tr><tr><td>Kavonius Petter Brynolf<\/td><td>Lohja<\/td><\/tr><tr><td>Rikkil\u00e4 Petri Juhani<\/td><td>Masku<\/td><\/tr><tr><td>Tikanm\u00e4ki Auvo Kullervo<\/td><td>Naantali<\/td><\/tr><tr><td>Heikkil\u00e4 Arto Juhani<\/td><td>Oulu<\/td><\/tr><tr><td>Moilanen Ilkka Kullervo<\/td><td>Pieks\u00e4m\u00e4ki<\/td><\/tr><tr><td>Gustafsson Milla Emilia<\/td><td>Pori<\/td><\/tr><tr><td>Kangasniemi Jyrki Olavi<\/td><td>Pori<\/td><\/tr><tr><td>Lehtim\u00e4ki Jouni Vesa<\/td><td>Pori<\/td><\/tr><tr><td>Toimela Harri Reino Olavi<\/td><td>Pori<\/td><\/tr><tr><td>Arola Mikko Tapio<\/td><td>Riihim\u00e4ki<\/td><\/tr><tr><td>Mikkola Hannu Tatu<\/td><td>Rovaniemi<\/td><\/tr><tr><td>Torvinen Matti Juhani<\/td><td>Rovaniemi<\/td><\/tr><tr><td>Uotila Arko Miiro Jannes<\/td><td>Sarfvik<\/td><\/tr><tr><td>Meriniemi Marko Juhani<\/td><td>Sipoo<\/td><\/tr><tr><td>Kauhanen Roope Daniel<\/td><td>Sotkamo<\/td><\/tr><tr><td>Gr\u00f6nman Aino Mirjami<\/td><td>Tampere<\/td><\/tr><tr><td>Hautanen Emilia Aina Julia<\/td><td>Tampere<\/td><\/tr><tr><td>Kinnarinen Matti Ilmari<\/td><td>Tampere<\/td><\/tr><tr><td>Mustonen Hetaliisa Tuuli<\/td><td>Tampere<\/td><\/tr><tr><td>Rajala Petri Johannes<\/td><td>Tampere<\/td><\/tr><tr><td>Riikonen Hilla Eeva Ilona<\/td><td>Tampere<\/td><\/tr><tr><td>Tikka Tiina P\u00e4ivikki<\/td><td>Tampere<\/td><\/tr><tr><td>Kivil\u00e4 Tiina Irmeli<\/td><td>Turku<\/td><\/tr><tr><td>Koskinen Pasi Juhani<\/td><td>Turku<\/td><\/tr><tr><td>Mannonen Outi Tuulikki<\/td><td>Turku<\/td><\/tr><tr><td>Nuotio Auli Helena<\/td><td>Turku<\/td><\/tr><tr><td>Nystr\u00f6m Riikka Maria<\/td><td>Turku<\/td><\/tr><tr><td>Palmgren Mika Tuomas<\/td><td>Turku<\/td><\/tr><tr><td>Sihvonen Tommi Petteri<\/td><td>Turku<\/td><\/tr><tr><td>Hujala Taisto Esko Olavi<\/td><td>Tuusula<\/td><\/tr><tr><td>Paloheimo Mika Johannes<\/td><td>Vaasa<\/td><\/tr><tr><td>Holopainen Liisa Anneli<\/td><td>Vantaa<\/td><\/tr><tr><td>Launne Ari-Pekka<\/td><td>Vantaa<\/td><\/tr><tr><td>L\u00e4hdekallio Petra Susanne<\/td><td>Vantaa<\/td><\/tr><tr><td>Nummi Jani Daniel<\/td><td>Vantaa<\/td><\/tr><tr><td>Zitting Vesa Rikhard<\/td><td>Vantaa<\/td><\/tr><tr><td>Ikonen Jaakko Antero<\/td><td>Varkaus<\/td><\/tr><tr><td>Haapalainen Ilkka Olavi<\/td><td>Vihtij\u00e4rvi<\/td><\/tr><tr><td>Nikula Jyrki Kalevi<\/td><td>Zurich<\/td><\/tr><\/tbody><\/table><\/figure>\n","protected":false},"excerpt":{"rendered":"<p>J\u00e4senluettelo per 15.3.2026 Luvan saanut oikeudenk\u00e4yntiavustaja voi antaa palveluitaan muuallakin kuin alla luetteloon merkityll\u00e4 paikkakunnalla. P\u00e4\u00e4kaupunkiseudun kuntia ovat Helsinki, Espoo, Vantaa ja Kauniainen. Helsingin seutuun luetaan usein my\u00f6s Kirkkonummi, Kerava, J\u00e4rvenp\u00e4\u00e4, Tuusula, Sipoo, Nurmij\u00e4rvi, Vihti, Hyvink\u00e4\u00e4. Edell\u00e4 mainittujen kuntien alueella palvelevat antanevat palveluita kaikkialla p\u00e4\u00e4kaupunkiseudun, Helsingin seudun ja Etel\u00e4-Suomen alueella, jollei suorastaan koko Suomen alueella. &hellip; <\/p>\n","protected":false},"author":1,"featured_media":0,"parent":0,"menu_order":0,"comment_status":"closed","ping_status":"closed","template":"","meta":{"_cbd_carousel_blocks":"[]","footnotes":""},"class_list":["post-2402852","page","type-page","status-publish","hentry","latest_post"],"_links":{"self":[{"href":"https:\/\/alaki.fi\/wordpress\/index.php?rest_route=\/wp\/v2\/pages\/2402852","targetHints":{"allow":["GET"]}}],"collection":[{"href":"https:\/\/alaki.fi\/wordpress\/index.php?rest_route=\/wp\/v2\/pages"}],"about":[{"href":"https:\/\/alaki.fi\/wordpress\/index.php?rest_route=\/wp\/v2\/types\/page"}],"author":[{"embeddable":true,"href":"https:\/\/alaki.fi\/wordpress\/index.php?rest_route=\/wp\/v2\/users\/1"}],"replies":[{"embeddable":true,"href":"https:\/\/alaki.fi\/wordpress\/index.php?rest_route=%2Fwp%2Fv2%2Fcomments&post=2402852"}],"version-history":[{"count":7,"href":"https:\/\/alaki.fi\/wordpress\/index.php?rest_route=\/wp\/v2\/pages\/2402852\/revisions"}],"predecessor-version":[{"id":2402917,"href":"https:\/\/alaki.fi\/wordpress\/index.php?rest_route=\/wp\/v2\/pages\/2402852\/revisions\/2402917"}],"wp:attachment":[{"href":"https:\/\/alaki.fi\/wordpress\/index.php?rest_route=%2Fwp%2Fv2%2Fmedia&parent=2402852"}],"curies":[{"name":"wp","href":"https:\/\/api.w.org\/{rel}","templated":true}]}}