{"id":2402882,"date":"2026-03-15T10:52:22","date_gmt":"2026-03-15T08:52:22","guid":{"rendered":"https:\/\/alaki.fi\/wordpress\/?page_id=2402882"},"modified":"2026-03-15T17:02:06","modified_gmt":"2026-03-15T15:02:06","slug":"paikkakunnittain-g-maps","status":"publish","type":"page","link":"https:\/\/alaki.fi\/wordpress\/?page_id=2402882","title":{"rendered":"Paikkakunnittain G-maps"},"content":{"rendered":"\n<p><a href=\"https:\/\/www.alaki.fi\/koe\/lakiavustajat_kartta_standalone.html\" target=\"_blank\" rel=\"noreferrer noopener\">Kilkkaa t\u00e4st\u00e4, sivu on linkin takana<\/a><\/p>\n\n\n\n<p>J\u00e4senluettelo per 15.3.2026<\/p>\n\n\n\n<p>osa g-maps linkeist\u00e4 on toistaiseksi v\u00e4\u00e4rin, mutta korjataan.<\/p>\n\n\n\n<p>Google Maps hakee toimistoa sen elinkeinonharjoittajan tai liikkeen nimell\u00e4. Jos Oikeudenk\u00e4yntiavustajan toimistoa ei ole sy\u00f6tetty Googlen palveluihin, on mahdollista, ett\u00e4 Maps -haku ei sit\u00e4 l\u00f6yd\u00e4.<\/p>\n\n\n\n<p>Er\u00e4\u00e4n avustajan kotisivuilla ei ole eik\u00e4 kaupparekisteritiedoistakaan l\u00f6ydy palveluille muuta paikkakuntaa kuin Helsinki, mutta Google Maps antaa kuitenkin h\u00e4nelle palvelupisteen aivan muualta Suomesta. H\u00e4n on rekister\u00f6inyt palvelupisteen Googlen palveluihin.<\/p>\n\n\n\n<p>Luvan saanut oikeudenk\u00e4yntiavustaja voi antaa palveluitaan muuallakin kuin luetteloon merkityll\u00e4 paikkakunnalla. P\u00e4\u00e4kaupunkiseudun kuntia ovat Helsinki, Espoo, Vantaa ja Kauniainen. Helsingin seutuun luetaan usein my\u00f6s Kirkkonummi, Kerava, J\u00e4rvenp\u00e4\u00e4, Tuusula, Sipoo, Nurmij\u00e4rvi, Vihti, Hyvink\u00e4\u00e4. Edell\u00e4 mainittujen kuntien alueella palvelevat antanevat palveluita kaikkialla p\u00e4\u00e4kaupunkiseudun, Helsingin seudun ja Etel\u00e4-Suomen alueella, jollei suorastaan koko Suomen alueella. Muualla Suomessa toimivat j\u00e4senet voivat antaa palveluita my\u00f6s Etel\u00e4-Suomessa.<\/p>\n\n\n\n<p>Luettelossa voi olla virheit\u00e4 ja siin\u00e4 todenn\u00e4k\u00f6isesti on puutteita, koska kaikkia palvelupaikkakuntia ei ole saatu luetteloitua.<\/p>\n","protected":false},"excerpt":{"rendered":"<p>Kilkkaa t\u00e4st\u00e4, sivu on linkin takana J\u00e4senluettelo per 15.3.2026 osa g-maps linkeist\u00e4 on toistaiseksi v\u00e4\u00e4rin, mutta korjataan. Google Maps hakee toimistoa sen elinkeinonharjoittajan tai liikkeen nimell\u00e4. Jos Oikeudenk\u00e4yntiavustajan toimistoa ei ole sy\u00f6tetty Googlen palveluihin, on mahdollista, ett\u00e4 Maps -haku ei sit\u00e4 l\u00f6yd\u00e4. Er\u00e4\u00e4n avustajan kotisivuilla ei ole eik\u00e4 kaupparekisteritiedoistakaan l\u00f6ydy palveluille muuta paikkakuntaa kuin Helsinki, &hellip; <\/p>\n","protected":false},"author":1,"featured_media":0,"parent":0,"menu_order":0,"comment_status":"closed","ping_status":"closed","template":"","meta":{"_cbd_carousel_blocks":"[]","footnotes":""},"class_list":["post-2402882","page","type-page","status-publish","hentry","latest_post"],"_links":{"self":[{"href":"https:\/\/alaki.fi\/wordpress\/index.php?rest_route=\/wp\/v2\/pages\/2402882","targetHints":{"allow":["GET"]}}],"collection":[{"href":"https:\/\/alaki.fi\/wordpress\/index.php?rest_route=\/wp\/v2\/pages"}],"about":[{"href":"https:\/\/alaki.fi\/wordpress\/index.php?rest_route=\/wp\/v2\/types\/page"}],"author":[{"embeddable":true,"href":"https:\/\/alaki.fi\/wordpress\/index.php?rest_route=\/wp\/v2\/users\/1"}],"replies":[{"embeddable":true,"href":"https:\/\/alaki.fi\/wordpress\/index.php?rest_route=%2Fwp%2Fv2%2Fcomments&post=2402882"}],"version-history":[{"count":6,"href":"https:\/\/alaki.fi\/wordpress\/index.php?rest_route=\/wp\/v2\/pages\/2402882\/revisions"}],"predecessor-version":[{"id":2402904,"href":"https:\/\/alaki.fi\/wordpress\/index.php?rest_route=\/wp\/v2\/pages\/2402882\/revisions\/2402904"}],"wp:attachment":[{"href":"https:\/\/alaki.fi\/wordpress\/index.php?rest_route=%2Fwp%2Fv2%2Fmedia&parent=2402882"}],"curies":[{"name":"wp","href":"https:\/\/api.w.org\/{rel}","templated":true}]}}